757.
3, 4919
List the prime factors of 14975.
5, 599
List the prime factors of 505.
5, 101
List the prime factors of 62132.
2, 7, 317
What are the prime factors of 12184?
2, 1523
What are the prime factors of 112973?
7, 16139
List the prime factors of 3276.
2, 3, 7, 13
List the prime factors of 160914.
2, 3, 13, 2063
List the prime factors of 878.
2, 439
What are the prime factors of 20101?
20101
What are the prime factors of 8?
2
What are the prime factors of 142247?
7, 2903
List the prime factors of 346.
2, 173
List the prime factors of 1290.
2, 3, 5, 43
What are the prime factors of 1838?
2, 919
List the prime factors of 5225.
5, 11, 19
What are the prime factors of 16225?
5, 11, 59
List the prime factors of 9595.
5, 19, 101
List the prime factors of 34645.
5, 13, 41
List the prime factors of 2313.
3, 257
List the prime factors of 38013.
3, 12671
List the prime factors of 32387.
139, 233
List the prime factors of 6302.
2, 23, 137
List the prime factors of 82672.
2, 5167
What are the prime factors of 40261?
13, 19, 163
What are the prime factors of 1266?
2, 3, 211
List the prime factors of 8555.
5, 29, 59
List the prime factors of 11637.
3, 431
List the prime factors of 2645.
5, 23
What are the prime factors of 717?
3, 239
What are the prime factors of 86127?
3, 19, 1511
List the prime factors of 224.
2, 7
What are the prime factors of 12314?
2, 47, 131
List the prime factors of 13854.
2, 3, 2309
List the prime factors of 462.
2, 3, 7, 11
List the prime factors of 759.
3, 11, 23
What are the prime factors of 7703?
7703
What are the prime factors of 102121?
102121
What are the prime factors of 4653?
3, 11, 47
What are the prime factors of 15924?
2, 3, 1327
List the prime factors of 36193.
17, 2129
List the prime factors of 16586.
2, 8293
What are the prime factors of 1065?
3, 5, 71
List the prime factors of 3465.
3, 5, 7, 11
What are the prime factors of 10518?
2, 3, 1753
What are the prime factors of 3725?
5, 149
What are the prime factors of 17777?
29, 613
List the prime factors of 36600.
2, 3, 5, 61
What are the prime factors of 983?
983
What are the prime factors of 894?
2, 3, 149
What are the prime factors of 17869?
107, 167
List the prime factors of 3846.
2, 3, 641
What are the prime factors of 1250?
2, 5
List the prime factors of 12140.
2, 5, 607
What are the prime factors of 717?
3, 239
What are the prime factors of 144927?
3, 16103
What are the prime factors of 396?
2, 3, 11
What are the prime factors of 82052?
2, 73, 281
List the prime factors of 5455.
5, 1091
What are the prime factors of 861?
3, 7, 41
List the prime factors of 894.
2, 3, 149
What are the prime factors of 916?
2, 229
What are the prime factors of 47045?
5, 97
List the prime factors of 112637.
7, 16091
List the prime factors of 93183.
3, 89, 349
What are the prime factors of 4446?
2, 3, 13, 19
List the prime factors of 4813.
4813
List the prime factors of 7222.
2, 23, 157
What are the prime factors of 69?
3, 23
List the prime factors of 1242.
2, 3, 23
List the prime factors of 105.
3, 5, 7
List the prime factors of 7882.
2, 7, 563
What are the prime factors of 48975?
3, 5, 653
What are the prime factors of 6148?
2, 29, 53
List the prime factors of 423.
3, 47
What are the prime factors of 4261?
4261
What are the prime factors of 61?
61
List the prime factors of 5934.
2, 3, 23, 43
What are the prime factors of 2838?
2, 3, 11, 43
List the prime factors of 13393.
59, 227
List the prime factors of 2215.
5, 443
What are the prime factors of 132528?
2, 3, 11, 251
List the prime factors of 2756.
2, 13, 53
What are the prime factors of 1498?
2, 7, 107
What are the prime factors of 3166?
2, 1583
What are the prime factors of 42427?
7, 11, 19, 29
List the prime factors of 6825.
3, 5, 7, 13
List the prime factors of 12442.
2, 6221
List the prime factors of 1202.
2, 601
List the prime factors of 23903.
11, 41, 53
What are the prime factors of 48626?
2, 41, 593
List the prime factors of 860.
2, 5, 43
What are the prime factors of 2268?
2, 3, 7
List the prime factors of 57166.
2, 101, 283
What are the prime factors of 5971?
7, 853
What are the prime factors of 32358?
2, 3, 5393
What are the prime factors of 71588?
2, 11, 1627
What are the prime factors of 30048?
2, 3, 313
List the prime factors of 1131.
3, 13, 29
What are the prime factors of 1222?
2, 13, 47
What are the prime factors of 40886?
2, 20443
What are the prime factors of 11034?
2, 3, 613
List the prime factors of 430.
2, 5, 43
List the prime factors of 2113.
2113
What are the prime factors of 7973?
7, 17, 67
List the prime factors of 874.
2, 19, 23
List the prime factors of 2444.
2, 13, 47
What are the prime factors of 13830?
2, 3, 5, 461
List the prime factors of 33920.
2, 5, 53
List the prime factors of 109.
109
List the prime factors of 10695.
3, 5, 23, 31
What are the prime factors of 2303?
7, 47
List the prime factors of 44306.
2, 22153
What are the prime factors of 2480?
2, 5, 31
List the prime factors of 4672.
2, 73
What are the prime factors of 2476?
2, 619
List the prime factors of 6721.
11, 13, 47
What are the prime factors of 2281?
2281
List the prime factors of 5113.
5113
List the prime factors of 1009.
1009
List the prime factors of 6186.
2, 3, 1031
List the prime factors of 24855.
3, 5, 1657
List the prime factors of 15506.
2, 7753
List the prime factors of 2365.
5, 11, 43
What are the prime factors of 839?
839
What are the prime factors of 1436?
2, 359
List the prime factors of 17664.
2, 3, 23
What are the prime factors of 605?
5, 11
What are the prime factors of 31492?
2, 7873
List the prime factors of 32372.
2, 8093
What are the prime factors of 1267?
7, 181
List the prime factors of 15463.
7, 47
What are the prime factors of 1668?
2, 3, 139
What are the prime factors of 3700?
2, 5, 37
List the prime factors of 5146.
2, 31, 83
What are the prime factors of 808?
2, 101
What are the prime factors of 5315?
5, 1063
List the prime factors of 925.
5, 37
List the prime factors of 34908.
2, 3, 2909
What are the prime factors of 1412?
2, 353
List the prime factors of 1628.
2, 11, 37
What are the prime factors of 2966?
2, 1483
What are the prime factors of 2089?
2089
List the prime factors of 1631.
7, 233
List the prime factors of 1606.
2, 11, 73
What are the prime factors of 2444?
2, 13, 47
List the prime factors of 108567.
3, 4021
What are the prime factors of 82907?
11, 7537
What are the prime factors of 1498?
2, 7, 107
List the prime factors of 15028.
2, 13, 17
List the prime factors of 3971.
11, 19
What are the prime factors of 956?
2, 239
List the prime factors of 74699.
74699
What are the prime factors of 63984?
2, 3, 31, 43
List the prime factors of 2191.
7, 313
What are the prime factors of 121304?
2, 59, 257
What are the prime factors of 26375?
5, 211
List the prime factors of 1202.
2, 601
What are the prime factors of 15194?
2, 71, 107
List the prime factors of 1218.
2, 3, 7, 29
What are the prime factors of 23384?
2, 37, 79
What are the prime factors of 1168?
2, 73
List the prime factors of 155.
5, 31
What are the prime factors of 1810?
2, 5, 181
What are the prime factors of 1845?
3, 5, 41
What are the prime factors of 4966?
2, 13, 191
What are the prime factors of 94790?
2, 5, 9479
List the prime factors of 7935.
3, 5, 23
List the prime factors of 2652.
2, 3, 13, 17
What are the prime factors of 1314?
2, 3, 73
What are the prime factors of 11726?
2, 11, 13, 41
What are the prime factors of 84555?
3, 5, 1879
What are the prime factors of 35187?
3, 37, 317
What are the prime factors of 47?
47
What are the prime factors of 31558?
2, 31, 509
What are the prime factors of 611?
13, 47
What are the prime factors of 163?
163
List the prime factors of 90402.
2, 3, 13, 19, 61
List the prime factors of 41377.
7, 23, 257
What are the prime factors of 5569?
5569
List the prime factors of 2971.
2971
What are the prime factors of 2711?
2711
What are the prime factors of 3956?
2, 23, 43
List the prime factors of 1593.
3, 59
What are the prime factors of 29397?
3, 41, 239
List the prime factors of 3544.
2, 443
List the prime factors of 21271.
89, 239
What are the prime factors of 3040?
2, 5, 19
List the prime factors of 2327.
13, 179
What are the prime factors of 27916?
2, 7, 997
What are the prime factors of 